y**2. Is n(27) prime?
False
Is ((-3967)/(-4)*1)/((-1245)/(-84660)) composite?
True
Let g be 4 - (5 - (-3 - 1)). Let h(t) = -84*t**3 - t**2 - t - 7. Is h(g) composite?
True
Suppose 37*t + 104933 = 273172. Is t prime?
True
Let x = -491868 - -1049849. Is x a prime number?
True
Let t be -8 - ((-21)/(-3) + -3). Is 4/(t/89703)*8/(-12) a prime number?
False
Let t = -590066 + 1299429. Is t a composite number?
True
Suppose -9*z = -7*z - 84060 - 53834. Is z composite?
False
Suppose 5*o - 31 = -21. Let g be (-6)/(-15)*10 - o. Suppose -4926 = -3*k + 3*v, -k = 2*k + g*v - 4901. Is k composite?
False
Let w be (-11086)/(-8) - (-1)/4. Suppose -2*n + m = 5*m - w, 2*n = 4*m + 1346. Is n a prime number?
True
Suppose -6*m + 11*m + 4*t - 103 = 0, -5*m + 89 = -3*t. Suppose -m*p + 19201 = -12*p. Is p a prime number?
False
Let t(v) = 6793*v**2 + 14*v - 31. Is t(4) composite?
True
Let r(q) = 2*q**2 - 33*q + 145. Let p be r(21). Suppose p*i - 79751 = 327*i. Is i a prime number?
True
Let o be (28/6 - 5) + 33/(-9). Is (0 - 16/24)*25266/o a prime number?
True
Suppose -135858 = -3*z - 5*w - 42020, 5*z + w - 156404 = 0. Let u = -18707 + z. Is u a composite number?
True
Suppose 4*n - 10123 = 3*i - 490, 3*i = 3. Suppose -3*d - 4*a = -169, -3*a = -0*d + 4*d - 216. Suppose -n = 48*m - d*m. Is m a composite number?
True
Let l(d) = -7*d**3 - 12*d**2 + 10*d - 3. Let q be l(-10). Suppose -2*v + 6*h - h + 2835 = 0, -h - q = -4*v. Let i = v - 370. Is i prime?
False
Suppose -7*k + 13*k - 30 = 0. Let l = k - -6. Suppose -l*s = -7*s - 5444. Is s a prime number?
True
Let l = 34 - -3. Suppose 2*f + 41 = l. Is (-9315)/(-46) + f/(-4) a composite number?
True
Is 2437/(-3)*(73 + -106) a composite number?
True
Suppose 5*l - 147687 = p + 21339, 3*l + 3*p = 101412. Is l a prime number?
False
Let w(i) = i**2 + 29*i + 157. Let a be w(-22). Suppose -13935 = -a*f + 4*s + s, -2*s = 5*f - 23225. Is f a composite number?
True
Let d = -56 - -11. Let t be (12/20 - 1)*d. Suppose -6 = k + 5*u, -2*k = 3*u + u - t. Is k composite?
False
Let v(i) = -4427*i + 777. Is v(-38) a prime number?
True
Suppose 10*k = 5*k + 15, 0 = 4*s + 4*k - 72. Let q(v) = 43*v - 119. Is q(s) prime?
False
Suppose 29637265 = 72*m - 19572243 - 4762052. Is m prime?
False
Suppose 2*i - 7214 = c, -7*i - 3*c = -8*i + 3607. Is i a prime number?
True
Let m = -108577 - -173414. Is m a prime number?
False
Let s(i) be the second derivative of 731*i**3 - 77*i**2/2 - 209*i. Is s(4) composite?
False
Let r(k) = -21528*k**3 + 4*k**2 + k - 2. Is r(-1) a prime number?
True
Suppose u - y = -12, -u - 2*y = u + 8. Let s be (1/2)/(u/1776). Is (51/(-9))/(1/s) prime?
False
Let m = 5125 + -2406. Is m composite?
False
Suppose -b + 69*c + 19181 = 74*c, 5*b - 95905 = -5*c. Is b prime?
True
Let i(v) = -25*v - 21. Let l be i(-1). Suppose -2*d - 14092 = -4*y - l*d, y - 5*d = 3523. Is y composite?
True
Let j = 47964 + 730475. Is j a composite number?
False
Let x(d) = -5*d**3 + 100*d**2 - 29*d + 40. Is x(-27) a prime number?
False
Let z(c) = -5265*c**3 - 38*c**2 - 113*c - 9. Is z(-3) prime?
False
Suppose 82*w + 4*c = 77*w + 10767303, -6460400 = -3*w - 5*c. Is w a composite number?
True
Let v = 583 + -573. Suppose -3*k - 3*a = -29919, 2*a - 9969 = v*k - 11*k. Is k a prime number?
False
Let o = 1366931 + -801694. Is o composite?
False
Suppose -2*y + 162282 = -23*w + 21*w, 0 = 4*y - 3*w - 324566. Is y a prime number?
False
Is (6/9 - (-460952)/24) + 0 + 0 a composite number?
False
Let x(j) = 124*j**3 - 5*j**2 + 13*j + 55. Is x(13) a prime number?
True
Let s = -95 + 95. Suppose -5*j + 4*o = -26, s = -5*j - 4*o + 26 + 8. Suppose -j*d + 527 + 763 = 0. Is d prime?
False
Suppose 253*g - 9819302 = 219*g. Is g prime?
True
Let t be 1*-3 - 20202/(-14). Suppose 0 = 9*u + 590 + 7411. Let l = u + t. Is l prime?
False
Let b = 203982 + -119539. Is b composite?
False
Suppose -28 - 22 = -5*v - 5*o, 4 = -4*o. Suppose v*x - 131951 = -12*x. Is x a prime number?
True
Suppose 4*m - 24 = -4*s, -m - 18 + 8 = 5*s. Is ((-281506)/(-205))/(4/m) composite?
False
Suppose 4*h = 3*v + v + 68, 0 = 5*v + 5. Let z be h/40 + (-26807)/5. Let b = -3040 - z. Is b composite?
True
Suppose 0 = 2*a - 3*g - 27175, 0 = 5*a + 24*g - 27*g - 67942. Is a composite?
True
Suppose d - 3*q = -393, -20*d + 25*d + 4*q + 1870 = 0. Let b = 2293 - d. Is b composite?
False
Suppose 3*k - 2*b = -k - 24454, -3*k = -4*b + 18348. Let m be (k/(-24))/(0 - (-6)/99). Is ((-1)/2 - 2)/((-11)/m) a composite number?
True
Suppose 0 = 10*n + 3760874 - 12899944. Is n a prime number?
True
Let z(j) = -3379*j. Let w be ((6/8)/(-3))/((-4)/(-16)). Is z(w) prime?
False
Suppose 4*t - 4 = -c, -3*t - 12*c - 20 = -17*c. Suppose -w + 5069 + 1766 = t. Is w a prime number?
False
Let m(v) = v**3 - 5*v**2 + 5*v - 9. Let o be (-1*3)/((-54)/126). Let b(a) = a**3 - 7*a**2 + 10. Let p be b(o). Is m(p) a prime number?
True
Let w(m) = -2*m + 25. Let q be w(12). Let l(i) = -3*i - 2. Let b be l(q). Let t(d) = -82*d + 9. Is t(b) a composite number?
False
Let r(z) = 260*z**2 + 44*z - 779. Is r(-39) a prime number?
False
Let b = -2921085 - -4240924. Is b composite?
False
Is -16 - -172*(-20766)/(-24) prime?
False
Suppose -2*j - 2*h = -70976, 47*h - 43*h = 3*j - 106471. Is j composite?
True
Let z(a) = -2*a**3 - a**2 - 2. Let v(f) = -15*f**3 + 26*f**2 + 3*f - 59. Let l(p) = -v(p) + 6*z(p). Is l(24) a prime number?
False
Let s be (-324)/(-90)*(-20)/8 + 21. Let h(g) = 23 - 2*g + g**2 + 8 - 2. Is h(s) a composite number?
False
Let p(h) = 256*h - 5073. Is p(56) a prime number?
False
Suppose -17*h + 12*h = -1130. Let r(t) = -t**2 - 11*t + 90. Let j be r(5). Suppose j = 2*w, h = 3*i - 3*w + 2*w. Is i a prime number?
False
Let y(c) = 0*c**2 + 0*c - 6 - c**2 - 4*c + 20*c**2. Let j be y(-6). Suppose 5*l + 0*t = -2*t + j, 4*l = -4*t + 552. Is l a composite number?
True
Let l be 4 + -4 - -7 - 7. Is (l - -2) + (5717 - 12) prime?
False
Suppose 0 = -4*i + 3*m + 172124, 3*i + m = 84224 + 44869. Is i prime?
False
Let f(c) = -c**3 - 9*c**2 + 22*c + 2. Suppose -21 = 2*r + 1. Let q be f(r). Is (4 - q) + (-2)/(2/(-5)) a composite number?
False
Suppose -178027 = -4*k - 170*y + 169*y, 0 = -y - 1. Is k a composite number?
False
Let k = -114 - -114. Let d be 3 - (15/3 - k). Is (d + 2 - -3) + 490 + -14 a composite number?
False
Let l(g) = g**3 - 18*g**2 - 16*g - 9. Let j(i) be the first derivative of i**3/3 + i**2/2 - i + 1. Let p(x) = 4*j(x) + l(x). Is p(16) prime?
True
Let c = -1779 + 12618. Suppose v - b = -5*b + 10829, -v + c = 2*b. Is v composite?
True
Let b(u) = 3527*u - 604. Is b(1) a prime number?
False
Let f(h) be the first derivative of 13*h**3/3 + h**2/2 + 109*h + 270. Is f(15) a prime number?
True
Suppose 0 = -l + 2*r + 375, l + r = -0*l + 390. Let k be 142/(-4)*(-3 - 13). Let g = k - l. Is g a composite number?
True
Suppose 5*k + 4*c + c = 940835, 0 = -5*k + c + 940859. Is k a prime number?
True
Suppose 4*r + 86468 = 6*r - 52014. Is r prime?
False
Is 2*(-1047807)/(45/(-5)) prime?
False
Suppose 5708881 = 17*j + 24*j. Is j prime?
True
Let b(n) = 3*n + 72. Let g be b(-24). Suppose g = 4*f - 7302 - 16550. Is f prime?
False
Let p = 295 - -2595. Is p/4*(-5)/25*-2 a prime number?
False
Is 278/4*42208/(-128)*-8 composite?
True
Let z(j) = 2*j**2 - j - 4. Let p be z(2). Let c be (1/p)/(6/24). Suppose 0 = -4*i - 12, 2*i - 121 = -r - c*i. Is r a composite number?
True
Suppose 5*n + 0*d + 3*d = -1803, -3*d - 723 = 2*n. Is 9/(n/(-2416))*370/4 a prime number?
False
Let t(x) = 2463*x**3 + 6*x**2 - 43*x - 11. Is t(6) a composite number?
True
Suppose -3*i = 14*h - 16*h - 19328, -4*i = -3*h - 25771. Is i/(-8)*(-42 - -38) prime?
True
Suppose 4*d + 19 = 27. Let j be -2 + d/(-3) + (-3)/9. Let m(i) = -2*i**3 - 3*i**2 - 7*i - 1. Is m(j) a prime number?
True
Let t(y) = 7*y**3 - y**2 + 2*y. Let h be t(2). Suppose 3*g - h = -4*o, 5*o = 4*g - 0*g + 70. Suppose -6*k - o = -356. Is k a composite number?
True
Let r = -704 - -1204. Let a = 764 - r. Suppose 2*s - 494 = a. Is s a composite number?
False
Let y(a) = 469*a - 181. Suppose 5*u - u = 56. Is y(u) composite?
True
Let a = -7 - -9. Suppose 3*g - a = -t - 0, 5*t = 4*g + 67. Suppose -m + 16 = -2*x, 5*m - 55 = -2*x - t. Is m composite?
True
Suppose 2*y + 82668 = k + 6381, 5*k + 4*y - 381337 = 0. Is k composite?
True
Let x = 77 + -77. Suppose x = 6*a + 5*a -